prime factors of 2366551194.
2, 3, 7, 19, 2965603
What are the prime factors of 1181804238?
2, 3, 599, 109609
List the prime factors of 127805829.
3, 107, 398149
List the prime factors of 1248860220.
2, 3, 5, 20814337
What are the prime factors of 1348643734?
2, 127, 1201, 4421
What are the prime factors of 26166533?
2953, 8861
List the prime factors of 3651925202.
2, 1825962601
What are the prime factors of 105988600?
2, 5, 23, 23041
List the prime factors of 95637673.
95637673
List the prime factors of 1022622345.
3, 5, 43, 528487
What are the prime factors of 30263571?
3, 13, 151, 571
List the prime factors of 695543269.
6473, 107453
What are the prime factors of 6112915152?
2, 3, 127352399
What are the prime factors of 1345290208?
2, 109, 449, 859
List the prime factors of 77428854.
2, 3, 4301603
What are the prime factors of 1125031996?
2, 11, 97, 263597
What are the prime factors of 2706380770?
2, 5, 270638077
List the prime factors of 75379433.
75379433
What are the prime factors of 4474908533?
4474908533
What are the prime factors of 2744326697?
7, 53, 7397107
What are the prime factors of 147593257?
7, 21084751
List the prime factors of 81448020.
2, 3, 5, 17, 43, 619
What are the prime factors of 605504202?
2, 3, 89, 1133903
What are the prime factors of 10752828?
2, 3, 896069
List the prime factors of 20834892.
2, 3, 13, 44519
List the prime factors of 54578152.
2, 6822269
What are the prime factors of 336145612?
2, 11, 29, 263437
What are the prime factors of 19693693?
3989, 4937
List the prime factors of 110219456.
2, 19, 90641
List the prime factors of 813933805.
5, 162786761
What are the prime factors of 42464864?
2, 13, 102079
List the prime factors of 1385029832.
2, 389, 619, 719
What are the prime factors of 370799426?
2, 2503, 74071
List the prime factors of 994725480.
2, 3, 5, 7, 167, 1013
What are the prime factors of 274207463?
274207463
List the prime factors of 71887893.
3, 7, 11, 311203
What are the prime factors of 506357606?
2, 479, 541, 977
What are the prime factors of 52461669?
3, 13, 73, 18427
What are the prime factors of 2926386980?
2, 5, 11, 31, 37, 11597
List the prime factors of 3886780327.
23, 1231, 137279
List the prime factors of 3033454655.
5, 7, 11, 7879103
List the prime factors of 347226822.
2, 3, 1223, 15773
List the prime factors of 22671242.
2, 11, 1030511
What are the prime factors of 226785138?
2, 3, 37797523
What are the prime factors of 3088343439?
3, 343149271
What are the prime factors of 2870585745?
3, 5, 17, 773, 14563
List the prime factors of 4432148122.
2, 25771, 85991
List the prime factors of 25849819.
383, 67493
List the prime factors of 62943462.
2, 3, 3496859
List the prime factors of 397886357.
11, 3288317
List the prime factors of 2222335811.
2222335811
List the prime factors of 410163305.
5, 431, 190331
List the prime factors of 1090658521.
3307, 329803
List the prime factors of 2792163.
3, 11, 211, 401
What are the prime factors of 702697397?
17, 41335141
What are the prime factors of 828757526?
2, 163, 2542201
What are the prime factors of 210455775?
3, 5, 935359
List the prime factors of 62170209.
3, 1019, 6779
What are the prime factors of 110346479?
23, 29, 165437
List the prime factors of 3943032729.
3, 1314344243
List the prime factors of 6195879800.
2, 5, 11, 61, 137, 337
What are the prime factors of 27114283?
7, 353, 10973
List the prime factors of 2947941867.
3, 13, 5814481
List the prime factors of 6611331844.
2, 13, 223, 570139
List the prime factors of 17660412.
2, 3, 7, 11, 23, 277
List the prime factors of 3997347288.
2, 3, 11, 1376497
List the prime factors of 320607246.
2, 3, 5107, 10463
What are the prime factors of 15093093?
3, 17, 295943
What are the prime factors of 4944884887?
4944884887
What are the prime factors of 3243786543?
3, 9277, 38851
What are the prime factors of 927762299?
1279, 725381
What are the prime factors of 55654172?
2, 7, 1987649
List the prime factors of 243096677.
419, 580183
What are the prime factors of 35555798?
2, 29, 21139
What are the prime factors of 9393593?
11, 29, 2677
What are the prime factors of 785370191?
785370191
List the prime factors of 1639698328.
2, 19, 191, 56479
List the prime factors of 798000319.
798000319
What are the prime factors of 41756536?
2, 107, 48781
List the prime factors of 58174320.
2, 3, 5, 242393
What are the prime factors of 47733808?
2, 2983363
What are the prime factors of 3177337663?
47, 67602929
What are the prime factors of 67882061?
13, 401669
List the prime factors of 5378732099.
13, 43, 1409, 6829
What are the prime factors of 669650138?
2, 334825069
What are the prime factors of 1114726?
2, 107, 5209
What are the prime factors of 118538321?
11, 19, 29851
What are the prime factors of 211670981?
211670981
List the prime factors of 387017611.
61, 1439, 4409
What are the prime factors of 64012732?
2, 7, 2286169
List the prime factors of 442968179.
1381, 320759
List the prime factors of 144168064.
2, 1126313
List the prime factors of 869432833.
869432833
What are the prime factors of 25704577?
103, 479, 521
List the prime factors of 11581352.
2, 17, 31, 41, 67
List the prime factors of 136424801.
136424801
List the prime factors of 717282076.
2, 7, 2591, 9887
What are the prime factors of 92147875?
5, 737183
What are the prime factors of 42363977?
19, 2229683
List the prime factors of 464767525.
5, 18590701
What are the prime factors of 1815189?
3, 643, 941
List the prime factors of 83541352.
2, 113, 92413
List the prime factors of 2121387493.
251, 8451743
What are the prime factors of 6189250?
2, 5, 19, 1303
List the prime factors of 91465255.
5, 7, 937, 2789
What are the prime factors of 4976115061?
233, 269, 79393
What are the prime factors of 34598331?
3, 67, 181, 317
List the prime factors of 4080809394.
2, 3, 11909, 19037
What are the prime factors of 22278708?
2, 3, 31, 19963
What are the prime factors of 63700383?
3, 21233461
List the prime factors of 402909541.
402909541
What are the prime factors of 719685222?
2, 3, 1187, 101051
What are the prime factors of 1606568282?
2, 11, 73025831
What are the prime factors of 2338645189?
2338645189
What are the prime factors of 1268228866?
2, 17, 5483, 6803
What are the prime factors of 1615214221?
97, 317, 52529
List the prime factors of 1804825033.
11, 164075003
What are the prime factors of 5173505562?
2, 3, 862250927
List the prime factors of 540268496.
2, 19, 31, 57329
List the prime factors of 12089995.
5, 2417999
What are the prime factors of 1066730838?
2, 3, 29, 71, 79, 1093
What are the prime factors of 3141449002?
2, 571, 2750831
List the prime factors of 100204871.
13, 7708067
What are the prime factors of 16129859?
43, 375113
What are the prime factors of 4810284705?
3, 5, 320685647
List the prime factors of 268068590.
2, 5, 1217, 22027
List the prime factors of 8490601690.
2, 5, 849060169
List the prime factors of 23261190.
2, 3, 5, 29, 26737
What are the prime factors of 795120869?
29, 43, 637627
What are the prime factors of 1572745992?
2, 3, 71, 922973
What are the prime factors of 148960201?
13, 71, 161387
List the prime factors of 390933156.
2, 3, 17, 1916339
List the prime factors of 602226470.
2, 5, 19, 29, 109297
List the prime factors of 3589812902.
2, 13, 101, 1367027
List the prime factors of 130099066.
2, 281, 231493
What are the prime factors of 13603481?
13603481
List the prime factors of 108818306.
2, 54409153
What are the prime factors of 11153175?
3, 5, 11, 1229
What are the prime factors of 1912844166?
2, 3, 353, 691, 1307
What are the prime factors of 93677406?
2, 3, 15612901
List the prime factors of 337139324.
2, 2531, 33301
List the prime factors of 212133118.
2, 106066559
List the prime factors of 309761852.
2, 43, 593, 3037
List the prime factors of 491738051.
7, 41, 1713373
What are the prime factors of 1245382780?
2, 5, 197, 316087
What are the prime factors of 517434081?
3, 172478027
What are the prime factors of 152166761?
5821, 26141
What are the prime factors of 331265066?
2, 11, 15057503
List the prime factors of 107850651.
3, 227, 158371
What are the prime factors of 65486860?
2, 5, 3274343
List the prime factors of 133964378.
2, 66982189
What are the prime factors of 749583938?
2, 23, 29, 5619